-- http://www.phpmyadmin.net
--
-- Servidor: localhost
-- Tempo de Geração: Out 30, 2008 as 04:07 PM
-- Versão do Servidor: 5.0.51
-- Versão do PHP: 5.2.4-2ubuntu5.3


-- --------------------------------------------------------

--
-- Estrutura da tabela `appimgs`
--

CREATE TABLE IF NOT EXISTS `appimgs` (
  `id` int(11) NOT NULL auto_increment,
  `idtermo` int(11) NOT NULL,
  `nome` varchar(30) collate utf8_unicode_ci NOT NULL,
  `tamanho` int(11) NOT NULL,
  `tipo` varchar(30) collate utf8_unicode_ci NOT NULL,
  `conteudo` mediumblob NOT NULL,
  `refimg` text collate utf8_unicode_ci NOT NULL,
  PRIMARY KEY  (`id`)
) ENGINE=MyISAM  DEFAULT CHARSET=utf8 COLLATE=utf8_unicode_ci AUTO_INCREMENT=6 ;

--
-- Extraindo dados da tabela `appimgs`
--

INSERT INTO `appimgs` (`id`, `idtermo`, `nome`, `tamanho`, `tipo`, `conteudo`, `refimg`) VALUES
(1, 2, 'enzima.jpg', 3467, 'image/pjpeg', 0x[BLOB], ''),
(2, 24, 'gene.jpg', 4188, 'image/pjpeg', 0x[BLOB], ''),
(3, 33, 'dna.jpg', 3380, 'image/pjpeg', 0x[BLOB], ''),
(4, 13, 'celula.jpg', 4151, 'image/pjpeg', 0x[BLOB], '');

-- --------------------------------------------------------

--
-- Estrutura da tabela `appreferencias`
--

CREATE TABLE IF NOT EXISTS `appreferencias` (
  `id` int(11) NOT NULL auto_increment,
  `referencia` text NOT NULL,
  PRIMARY KEY  (`id`)
) ENGINE=MyISAM  DEFAULT CHARSET=latin1 AUTO_INCREMENT=11 ;

--
-- Extraindo dados da tabela `appreferencias`
--

INSERT INTO `appreferencias` (`id`, `referencia`) VALUES
(1, 'GRIFFITHS, A.J.F. et al. <B>Genética moderna</B>. Rio de Janeiro: Guanabara, 2001.'),
(2, 'MALACINSKI, G. <b>Biologia molecular</b>. 4.ed. Rio de Janeiro:Guanabara Koogan,2005.'),
(3, 'DE ROBERTIS, Eduardo M. F.; HIB, José. <b>Bases da biologia celular e molecular</b>. 4.ed. Rio de Janeiro: Guanabara Loogan, 2006.'),
(4, 'SAMBROOK, G.; RUSSEL, D. W. <b>Molecular cloning</b>: a laboratory manual. 3.ed. New York: CSHL Press, 2001.'),
(5, 'LEWIN, B. <b>Genes VIII</b>.[S.l]: Pearson Prentice Hall, 2004. '),
(6, 'SERAFINI, L. A.; BARROS, N. M.; AZEVEDO, J. L. <b>Biotecnologia</b>: avanços na agricultura e na agroindústria. Caxias do Sul: EDUCS, 2002.'),
(7, 'WILSON, K.; WALKER, J. <b>Biochemistry and molecular biology</b>: principles and techniques. 6.ed. Cambridge: Cambridge University Press, 2005.'),
(10, 'BONZANI, Walter et al. Biotecnologia industrial: fundamentos. São Paulo: Edgard Blucher, 2001. Vol.I.'),
(8, 'PUGA, N.T.; NASS, L.L; AZEVEDO, J.L de. <b>Glossário de Biotecnologia Vegetal</b>. São Paulo: Ed. Manole, 1991.'),
(9, 'AMABIS, José Mariano. Fundamentos da biologia moderna. 3.ed. São Paulo: Moderna, 2002');

-- --------------------------------------------------------

--
-- Estrutura da tabela `apprelacoes`
--

CREATE TABLE IF NOT EXISTS `apprelacoes` (
  `idtg` int(11) NOT NULL,
  `idte` int(11) NOT NULL,
  PRIMARY KEY  (`idtg`,`idte`)
) ENGINE=MyISAM DEFAULT CHARSET=utf8 COLLATE=utf8_unicode_ci;

--
-- Extraindo dados da tabela `apprelacoes`
--

INSERT INTO `apprelacoes` (`idtg`, `idte`) VALUES
(1, 2),
(1, 3),
(3, 14),
(3, 15),
(3, 16),
(3, 17),
(3, 20),
(3, 201),
(4, 6),
(4, 7),
(4, 8),
(4, 9),
(13, 10),
(13, 11),
(13, 107),
(13, 108),
(17, 18),
(17, 19),
(20, 21),
(21, 22),
(21, 23),
(21, 24),
(22, 25),
(22, 26),
(22, 27),
(23, 28),
(23, 29),
(23, 30),
(23, 31),
(23, 32),
(24, 33),
(33, 34),
(33, 35),
(33, 46),
(34, 36),
(34, 37),
(34, 38),
(34, 39),
(34, 40),
(35, 41),
(35, 42),
(35, 43),
(35, 44),
(35, 45),
(46, 47),
(46, 48),
(46, 49),
(46, 50),
(46, 51),
(46, 52),
(46, 53),
(46, 54),
(53, 55),
(53, 56),
(54, 57),
(54, 58),
(59, 1),
(59, 60),
(59, 61),
(59, 62),
(59, 63),
(59, 109),
(59, 110),
(60, 70),
(60, 71),
(60, 72),
(60, 73),
(60, 74),
(60, 171),
(61, 111),
(61, 112),
(61, 113),
(61, 114),
(61, 115),
(61, 116),
(62, 65),
(62, 66),
(62, 67),
(67, 68),
(67, 69),
(71, 174),
(71, 175),
(71, 176),
(71, 177),
(71, 178),
(75, 77),
(77, 78),
(77, 79),
(77, 80),
(81, 99),
(81, 100),
(81, 101),
(81, 102),
(82, 93),
(82, 94),
(82, 95),
(83, 84),
(83, 85),
(83, 86),
(83, 180),
(83, 181),
(83, 182),
(86, 87),
(86, 88),
(86, 89),
(89, 90),
(89, 91),
(89, 92),
(89, 194),
(95, 96),
(95, 97),
(95, 98),
(103, 104),
(103, 105),
(103, 106),
(111, 99),
(111, 118),
(117, 119),
(117, 120),
(121, 122),
(121, 123),
(122, 130),
(122, 131),
(122, 132),
(123, 124),
(123, 125),
(123, 126),
(123, 127),
(125, 128),
(125, 129),
(125, 192),
(125, 193),
(125, 195),
(125, 196),
(125, 197),
(125, 198),
(127, 97),
(127, 191),
(130, 138),
(130, 139),
(130, 140),
(130, 141),
(130, 142),
(130, 143),
(130, 144),
(131, 133),
(131, 134),
(131, 135),
(131, 136),
(131, 137),
(132, 145),
(132, 146),
(132, 147),
(132, 148),
(132, 149),
(132, 150),
(151, 152),
(152, 153),
(152, 154),
(152, 155),
(152, 156),
(152, 157),
(152, 158),
(152, 159),
(152, 160),
(161, 162),
(161, 163),
(161, 164),
(164, 165),
(164, 166),
(165, 167),
(165, 199),
(165, 200),
(166, 168),
(166, 169),
(166, 170),
(181, 184),
(186, 187),
(187, 188),
(187, 189),
(187, 190);

-- --------------------------------------------------------

--
-- Estrutura da tabela `apptassociados`
--

CREATE TABLE IF NOT EXISTS `apptassociados` (
  `idta1` int(11) NOT NULL,
  `idta2` int(11) NOT NULL,
  PRIMARY KEY  (`idta1`,`idta2`)
) ENGINE=MyISAM DEFAULT CHARSET=latin1;

--
-- Extraindo dados da tabela `apptassociados`
--

INSERT INTO `apptassociados` (`idta1`, `idta2`) VALUES
(12, 13),
(35, 64),
(60, 75),
(60, 76),
(61, 117),
(62, 81),
(75, 172),
(75, 173),
(81, 82),
(82, 179),
(83, 183),
(84, 103),
(88, 185),
(88, 186),
(103, 187),
(117, 121),
(122, 161),
(130, 151),
(172, 76),
(173, 76),
(186, 89);

-- --------------------------------------------------------

--
-- Estrutura da tabela `apptermos`
--

CREATE TABLE IF NOT EXISTS `apptermos` (
  `id` int(11) NOT NULL auto_increment,
  `tg` text collate utf8_unicode_ci NOT NULL,
  `ne` text collate utf8_unicode_ci,
  `up` text collate utf8_unicode_ci,
  PRIMARY KEY  (`id`)
) ENGINE=MyISAM  DEFAULT CHARSET=utf8 COLLATE=utf8_unicode_ci AUTO_INCREMENT=203 ;

--
-- Extraindo dados da tabela `apptermos`
--

INSERT INTO `apptermos` (`id`, `tg`, `ne`, `up`) VALUES
(1, 'Agentes biocatalizadores', 'Agentes biológicos que aceleram a velocidade das reações químicas que participam. Podem ser os microrganismos ou suas enzimas.', ''),
(2, 'Enzimas', 'Proteínas especializadas em catalisar reações químicas, isto é, aumentam a velocidade da reação. Podem ser de origem animal, vegetal ou microbiana. Possuem alta especificidade por substrato.', ''),
(3, 'Engenharia Genética', 'É a manipulação dos genes e a conseqüente criação de combinações entre genes de organismos diferentes.', ''),
(4, 'Biotransformação', '', ''),
(6, 'Biodegradação', '', ''),
(7, 'Biodeterioração', '', ''),
(8, 'Biorremediação', '', ''),
(9, 'Biolixiviação', '', ''),
(10, 'Vegetal', NULL, NULL),
(11, 'Animal', NULL, NULL),
(12, 'Microorganismo', NULL, NULL),
(13, 'Célula', 'É a unidade estrutural e fundamental dos seres vivos.', ''),
(14, 'Conjugação bacteriana', 'União de duas células bacterianas, durante a qual o material genético é transferido da célula doadora para a hospedeira.', ''),
(15, 'Transformação', 'Modificação dirigida de um genoma pela aplicação externa de DNA de uma célula com genótipo diferente. Processo de introdução controlada de DNA exógeno em um genoma receptor, sem comprometer a viabilidade do genoma da célula hospedeira.', ''),
(16, 'Transdução', 'Transferência de um gene de uma bactéria doadora para uma bactéria receptora com o uso de um fago como vetor.', ''),
(17, 'Mutação', 'Processo que produz um gene ou um conjunto cromossômico que difere do tipo selvagem. O gene ou conjunto cromossômico que resulta de tal processo', ''),
(18, 'Induzida', NULL, NULL),
(19, 'Natural', NULL, NULL),
(20, 'Tecnologia do DNA recombinante', 'Conjunto de técnicas para manipulação de ácidos nucléicos, através da produção de fragmentos do DNA, inserção dos fragmentos em um vetor (plasmídeo ou fago, por exemplo), introdução do vetor em uma célula hospedeira, com posterior identificação, seleção, caracterização e manipulação do clone.', ''),
(21, 'Clonagem molecular de genes', 'Região específica de um DNA (gene) que foi inserido em um vetor, como plasmídeo ou um fago, e então replicado dentro de uma célula hospedeira para formar muitas cópias do gene em questão.', ''),
(22, 'Transformação genética', '', ''),
(23, 'Técnicas moleculares', '', ''),
(24, 'Gene', 'Unidade básica da hereditariedade que consiste em seqüências de nucleotídeos do DNA envolvidas na síntese de RNA e proteína.\nÉ a sequência de DNA que contém informações necessárias para produzir uma molécula de RNA e, se esta corresponder a um RNA mensageiro, a partir dele elaborar uma proteína.\nSintetizam moléculas de DNA complementares que se repartem nas células-filha com a finalidade de se autoperpetuarem.', ''),
(25, 'Biobalística', 'O processo que tem como objetivo inicial de introduzir material genético no genoma de bactérias, protozoários, fungos, algas, insetos e tecidos animais e de vegetais. Neste processo emprega-se microprojéteis que são acelerados a velocidades superiores a 1500 Km/h por sistemas de aceleração baseados na geração de uma onda de choque com energia suficiente para deslocar uma membrana carreadora contendo as micropartículas cobertas com DNA ou por meio de uma descarga de hélio a baixa pressão acelerando o microprojétil em forma de aspersão. A onda de choque pode ser gerada por uma explosão química (pólvora seca), por uma descarga de hélio a alta pressão, pela vaporização de uma gota de água decorrente de descarga elétrica com alta voltagem e baixa capacitância ou com baixa voltagem e alta capacitância, ou por uma descarga de ar comprimido. Sendo os mais eficientes e utilizados os sistemas fundamentados na utilização do gás hélio sob alta pressão.', ''),
(26, 'Eletroporação', 'Permeabilidade de células por choque elétrico com a finalidade de inserir um gene exógeno.', ''),
(27, 'Fusão nuclear', 'Processo que promove a transferência nuclear de células adultas para óvulos. ', ''),
(28, 'Polimorfismo de tamanho de fragmentos de restrição', 'Um conjunto de vários fragmentos genômicos amplificados por um único “primer” de PCR.', 'RAPD'),
(29, 'Polimorfismo de comprimento de fragmento de restrição', 'Diferenças individuais na sequencia de nucleotídeos do DNA que levam a uma variação nos comprimentos dos fragmentos quando o DNA é digerido com uma endonuclease de restrição específica.', 'RFLP'),
(30, 'Polimorfismo de tamanho de fragmentos de DNA amplificados', '', 'AFLP'),
(31, 'Polimorfismos de sequencia repetitivas pequenas “in tandem”', 'Tipo de DNA repetitivo baseado em seqüências muito curtas de 1 a 5 nucleotídeos. Existem em praticamente todos os organismos vivos e apresentam alto grau de plimorfismo. São aplicáveis em exames forenses e em estudos de diversidade genética.', 'Microssatélite'),
(32, 'Polimorfismo que emerge a partir do seqüenciamento dos genes', 'Quando é de apenas um nucleotídeo é denominado de SNP (“Single Nucleotide Polymorphism”. Esta técnica é utilizada na clonagem e expressão de genes, bem como no diagnóstico molecular, mutagênese sítio-dirigida.', 'Polimorfismos de Seqüências de DNA'),
(33, 'Ácido desoxirribonucléico', 'Constitui o depósito da informação genética. Contém as instruções genéticas e comanda todo o funcionamento e desenvolvimento de todos os organismos vivos. É um ácido nucléico formado por duas cadeias (fitas) de nucleotídeos que se unem por pontes de hidrogênio entre as fitas, formando os pares de bases nitrogenadas complementares, e por ligações fosfodiéster entre os nucleotídeos dentro de cada fita.', 'DNA, Ácido nucléico'),
(34, 'Obtenção de fragmento', 'Genes de interesse extraídos de um genoma específico, geralmente por ação de enzimas de restrição.', 'Fragmentos de DNA'),
(35, 'Vetores', 'Plasmídeo, fago ou outro genoma no qual é inserido um gene exógeno para clonagem. Utilizado na engenharia genética para levar um segmento clonado de DNA (gene) de uma célula doadora para uma célula hospedeira. Em biologia molecular se utilizam basicamente quatro tipos de vetores para clonagem.', ''),
(36, 'Trauma mecânico', 'Processo mecânico para o rompimento da célula para a obtenção do material genético.', ''),
(37, 'Digestão com enzima de restrição', 'Processo de quebra (ou digestão) do DNA por ação de uma enzima de restrição que reconhece uma seqüência específica de DNA e promove a ruptura das ligações fosfodiéster nas duas fitas da molécula de DNA. São produzidas por diferentes bactérias e atuam como um sistema de proteção à entrada de DNA exógeno.', 'ER'),
(38, 'Síntese química', 'Construção de DNA (oligonucleotídeo) a partir dos 4 desoxinucleosídeos de base. A seqüência de nucleotídeos é deduzida a partir da seqüência de aminoácidos da proteína codificada do gene. ', ''),
(39, 'Confecção de DNA', 'Construção de DNA (oligonucleotídeo) por síntese química.', ''),
(40, 'Biblioteca de cDNA', '): Uma coleção (biblioteca) de cDNA (DNA complementar) em um vetor de clonagem para ser usada com o objetivo de selecionar  clones contendo grupos específicos de seqüências codificantes. Conjunto de clones que representam a genoma completo de um determinado organismo.', 'complementação mRNA'),
(41, 'Bacteriófago', NULL, NULL),
(42, 'Plasmídeo', 'Material hereditário extracromossômico. É uma molécula de DNA com duplicação independente. Devido ao seu pequeno tamanho e simplicidade os plasmídeos são usados frequentemente em experimentos de DNA de várias fontes e como vetores para inserção do DNA em outros organismos, ou seja, como vetores ou veículos de genes', ''),
(43, 'Cosmídeo', 'Plasmídeo que contêm uma sequência uma sequência de bacteriófago, chamada "cos" que permite seu empacotamento por proteínas da cápsula viral e ser então introduzido  na célula hospedeira com alta efienciência.', ''),
(44, 'Cromossomos artificiais de bactérias ', NULL, NULL),
(45, 'Levedura', NULL, NULL),
(46, 'Enzima', 'Uma endonuclease que irá reconhecer seqüências-alvos específicas de nucleotídeos no DNA e quebrar a cadeia de DNA nesses pontos. Utilizada como ferramenta na engenharia genética. Existem vários tipos que se diferenciam pelas seqüências específicas de nucleotídeos, aonde clivam a molécula de DNA.', ''),
(47, 'DNA ligase', 'Enzima que promove a ligação covalente (uma ligação fosfodiéster) entre os dois nucleotídeoss das extremidades das duas moléculas de DNA que irão se ligar. Une os fragmentos de Okazaki, após a retirada dos iniciadores (Primers) pela enzima primase.', ''),
(48, 'Terminal desoxinucleotideo transferase', 'Enzima que acrescenta desoxinucleotideos às extremidades 3'' na cadeia de DNA.', ''),
(49, 'Transcriptase reversa', 'Enzima que sintetiza DNA a partir de um molde de RNA.\n\n', ''),
(50, 'Nuclease S1', 'Enzima que corta ligações fosfodiéster nos ácidos nucléicos.', ''),
(51, 'Fosfatase alcalina', 'Enzima que impede, durante a ligação das moléculas de DNA, a recircularização ou dimerização do vetor de clonagem. A enzima catalisa a remoção dos grupos fosfato, ligados ao carbono 5’ das extremidades do vetor de clonagem linearizado, impedindo assim o reestabelecimento das ligações fosfodiéster quando da ação da enzima DNA ligase. ', ''),
(52, 'Polinucleotídeo quinase', 'Esta enzima é produto do gene pseT do bacteriófago T4. Catalisam a transferência de um grupamento fosfato do ATP para a terminação 5` de DNA ou RNA.', ''),
(53, 'Endonuclease', '', ''),
(54, 'Exonuclease', 'Enzima que corta os nucleotídeos, um de cada vez, a partir da extremidade de uma cadeia polinucleotídica.', ''),
(55, 'RNAse I', 'Enzima  específica de RNA FITA simples que cliva todas as ligações dinucleotídicas dos RNA, deixando 5`hidroxila e 2`3`monofosfato cíclicoem heteroduplex RNA-DNA, gerando terminação 5`fosforilada e a 3`hidroxilada.', ''),
(56, 'DNAse I', 'Enzima que cliva a ligação fosfodiéster dentro de uma cadeia nucleotídica. Degrada o DNA inespecificamente liberando di-, tri- e oligunucleotídeos com a terminação 5`fosforilada e a 3`hidroxilada.', ''),
(57, 'Exonuclease II', 'Enzima que corta os nucleotídeos, um de cada vez, a partir da extremidade de uma cadeia polinucleotídica de DNA fita simples.', ''),
(58, 'Nuclease Bal31', 'Mistura de duas espécies de enzimas, indicado como "lenta" (S) e "rápida" (F) que ocorre em função da diferentes propriedades cinéticas. Ele catalisa o degradação do DNA dúplex de fita simples e linear ou RNA para a 5 ''- mononucleotideos.', ''),
(59, 'Processo Fermentativo', 'Processo de obtanção de energia em que substâncias orgânicas do alimento são degradadas apenas parcialmente, originando moléculas orgânicas menores. É utilizada por muitos fungos e bactérias que vivem em ambientes pobres em gás oxigênio. ', 'Fermantação'),
(60, 'Classificação', '', ''),
(61, 'Pré-produto', '', 'Extrato bruto'),
(62, 'Substrato', 'Meio de crescimento de microrganismos, plantas, etc. Também substância que recebe a ação de uma enzima', ''),
(63, 'Biorreatores', 'Recipiente onde se efetiva uma reação biológica.', ''),
(64, 'Hospedeiro', 'Células receptoras do DNA a ser clonado, na tecnologia do DNA recombinante.', ''),
(65, 'Proteínas', NULL, NULL),
(66, 'Lipideos', NULL, NULL),
(67, 'Carboidratos', '', ''),
(68, 'Celulose', NULL, NULL),
(69, 'Amido', NULL, NULL),
(70, 'Acética', NULL, NULL),
(71, 'Alcoolica', '', ''),
(72, 'Burítica', NULL, NULL),
(73, 'Cítrica', NULL, NULL),
(74, 'Lactica', NULL, NULL),
(75, 'Submersa', '', ''),
(76, 'Semi-sólida', NULL, NULL),
(77, 'Condução', '', ''),
(78, 'Contínua', NULL, NULL),
(79, 'Batelada simples', NULL, NULL),
(80, 'Batelada alimentada', NULL, NULL),
(81, 'Tratamento', '', ''),
(82, 'Pré-tratamento', '', ''),
(83, 'Matérias-primas', '', ''),
(84, 'Animal', '', ''),
(85, 'Vegetal', NULL, NULL),
(86, 'Microorganismos', '', ''),
(87, 'Algas', NULL, NULL),
(88, 'Bactérias', 'Grupo de microorganismos unicelulares procariontes, ou seja, sem membrana nuclear e organelas definidas.', ''),
(89, 'Fungos', 'Um reino vegetal constituido por eucariostos sem clorofila e talófitos.', ''),
(90, 'Cogumelo', NULL, NULL),
(91, 'Levedura', '', ''),
(92, 'Filamentosos', NULL, NULL),
(93, 'Lavagem', NULL, NULL),
(94, 'Seleção', NULL, NULL),
(95, 'Separação', '', ''),
(96, 'Catação', NULL, NULL),
(97, 'Filtração', 'Processo de separação de partículas de um fluido, como ar ou líquido,pela passagem do fluido carreador através de um meio pelo qual as partículas não passarão.\nÉ um processo mecânico que serve para desdobrar misturas heterogêneas de um sólido disperso em um líquido ou gás.', ''),
(98, 'Peneiração', NULL, NULL),
(99, 'Branqueamento', NULL, NULL),
(100, 'Hidrólise Enzimática', NULL, NULL),
(101, 'Hidrólise Química', NULL, NULL),
(102, 'Sanitização', NULL, NULL),
(103, 'Controle Biológico', 'É todo processo de controle de pragas e doenças em geral por meio de inimigos naturais. ', ''),
(104, 'Febre Amarela', NULL, NULL),
(105, 'dengue', 'Doença aguda auto-limitada, caracteriza\npor febre , prostração, cefaléia, mialgia, erupção cutânea, linfadenopatia e leucopenia, que é causada por quatro tipos de vírus de dengue antigenicamente relacionados, porém distintos.', '<i>Aedes Aegypti; Aedes albopictus; Aedes polynesiensis; Aedes scutellaris; Aedes hakanssoni </i>'),
(106, 'Malária', 'Doença causada em humanos por protozoários do gênero <i>Plasmodium falciparum, Plasmodium vivax, Plasmodium ovale e Plasmodium malariae</i>. É transmitida pela picada da fêmea infectada do mosquito do gênero <i>Anopheles</i>. Caracteriza-se por exaustão extrema associada com paroxismos de febre alta, sudorese, calafrios e anemia.', ''),
(107, 'Procariontes', 'Não possuem envoltório nuclear. O cromossomo das células ocupa o espaço dentro delas, denominado nucleóide e se encontra em contato direto com o resto do protoplasma.', ''),
(108, 'Eucariontes', 'Possuem um núcleo verdadeiro com um envoltório nuclear complicado, através do qual ocorrem as trocas nucleocitoplasmáticas.', ''),
(109, 'Fermantação Lática', 'O ácido pirúvico transforma-se em ácido lático. Ocorre geralmente nas bactérias que fermantam o leite; o sabor azedo das coalhadas e dos iorgutes deve-se exatamente ao acúmulo desse ácido. O ácido lático causa  abaixamento do ph do leite, o que provoca a coagulação das proteínas e formação de um coalho solidificado, usado na fabricação de queijos.', ''),
(110, 'Fermantação Alcoólica', 'O ácido pirúvico transforma-se em etanol e gás carbônico. Esse tipo de fermentação ocorre geralmente no fungo <i>Saccharomyces cerevisiae</i>, uma levedura conhecida popularmente como fermento-de-padaria ou levedo da cerveja. São utilizados na fabricação do pão, em que o gás carbônico origina as pequenas bolhas que inflam a massa e a torna macia.', ''),
(111, 'Bebida', '', ''),
(112, 'Enzima', NULL, NULL),
(113, 'Corante', NULL, NULL),
(114, 'Antibiótico', NULL, NULL),
(115, 'Ácido', NULL, NULL),
(116, 'Biomassa', NULL, NULL),
(117, 'Centrifugação', '', ''),
(118, 'Transfega', NULL, NULL),
(119, 'Filtração', NULL, NULL),
(120, 'Pasteurização', NULL, NULL),
(121, 'Purificação', '', ''),
(122, 'Produto final', '', ''),
(123, 'Métodos', '', ''),
(124, 'Químicos', NULL, NULL),
(125, 'Físicos', '', ''),
(126, 'Moleculares', NULL, NULL),
(127, 'Mecânicos', '', ''),
(128, 'Radiação', NULL, NULL),
(129, 'Calor', NULL, NULL),
(130, 'Fármacos', '', ''),
(131, 'Alimentos', '', ''),
(132, 'Cosméticos', '', ''),
(133, 'Antibiótico', NULL, NULL),
(134, 'Aditivo', NULL, NULL),
(135, 'Corante', NULL, NULL),
(136, 'Flavorizante', NULL, NULL),
(137, 'Conservante', NULL, NULL),
(138, 'Vitamina', NULL, NULL),
(139, 'Insulina', NULL, NULL),
(140, 'Antibiótico', NULL, NULL),
(141, 'Antinflamatório', NULL, NULL),
(142, 'Esteróides', NULL, NULL),
(143, 'Aminoácidos', NULL, NULL),
(144, 'Digestivos', NULL, NULL),
(145, 'Xampu', NULL, NULL),
(146, 'Perfume', NULL, NULL),
(147, 'Creme', NULL, NULL),
(148, 'Baton', NULL, NULL),
(149, 'Sabonete', NULL, NULL),
(150, 'Protetor solar', NULL, NULL),
(151, 'Coadjuvantes', '', ''),
(152, 'Formulações', '', ''),
(153, 'Comprimido', NULL, NULL),
(154, 'Drágea', NULL, NULL),
(155, 'Cápsula', NULL, NULL),
(156, 'óvulos', NULL, NULL),
(157, 'Xarope', NULL, NULL),
(158, 'Suspensões', NULL, NULL),
(159, 'Injetável', NULL, NULL),
(160, 'Solução', NULL, NULL),
(161, 'Processamento pós-produto', '', ''),
(162, 'Embalagem', NULL, NULL),
(163, 'Controle de qualidade', NULL, NULL),
(164, 'Conservação', '', ''),
(165, 'Métodos químicos', '', ''),
(166, 'Métodos físicos', '', ''),
(167, 'Aditivos', NULL, NULL),
(168, 'Pasteurização', NULL, NULL),
(169, 'Tindalização', NULL, NULL),
(170, 'Congelamento', NULL, NULL),
(171, 'Oxálica', NULL, NULL),
(172, 'Com aeração', NULL, NULL),
(173, 'Sem aeração', NULL, NULL),
(174, 'Bebida Fermentada de fruta', NULL, NULL),
(175, 'Cachaça', NULL, NULL),
(176, 'Cerveja', NULL, NULL),
(177, 'Rum', NULL, NULL),
(178, 'Vinho', NULL, NULL),
(179, 'Matérias primas', NULL, NULL),
(180, 'Engenheirados', NULL, NULL),
(181, 'Naturais', '', ''),
(182, 'Modificados Geneticamente', NULL, NULL),
(183, 'Cultura de tecidos', NULL, NULL),
(184, 'Enxerta', NULL, NULL),
(185, 'Fixação de nitrogênio', NULL, NULL),
(186, 'Sorobilização', '', ''),
(187, 'Hormônio', '', ''),
(188, 'Controle biológico', NULL, NULL),
(189, 'Doenças', NULL, NULL),
(190, 'Pragas', NULL, NULL),
(191, 'Decantação', NULL, NULL),
(192, 'Destilação', NULL, NULL),
(193, 'Cristalização', NULL, NULL),
(194, 'Bolores', NULL, NULL),
(195, 'Esterilização', NULL, NULL),
(196, 'Flambagem', NULL, NULL),
(197, 'Filtração', NULL, NULL),
(198, 'Vibração Sônica', NULL, NULL),
(199, 'Desinfetante', NULL, NULL),
(200, 'Agente quimioterápico', NULL, NULL),
(201, 'Recombinação', NULL, NULL);

-- --------------------------------------------------------

--
-- Estrutura da tabela `apptpopulares`
--

CREATE TABLE IF NOT EXISTS `apptpopulares` (
  `id` int(11) NOT NULL COMMENT 'id de um termo',
  `popularidade` int(11) default NULL,
  PRIMARY KEY  (`id`)
) ENGINE=MyISAM DEFAULT CHARSET=utf8 COLLATE=utf8_unicode_ci;

--
-- Extraindo dados da tabela `apptpopulares`
--

INSERT INTO `apptpopulares` (`id`, `popularidade`) VALUES
(1, 1),
(2, 6),
(3, 0),
(4, 0),
(59, 0),
(6, 0),
(7, 0),
(8, 0),
(9, 1),
(10, 0),
(11, 1),
(12, 0),
(13, 0),
(14, 0),
(15, 1),
(16, 0),
(17, 0),
(18, 0),
(19, 0),
(20, 1),
(21, 0),
(22, 0),
(23, 1),
(24, 1),
(25, 0),
(26, 0),
(27, 0),
(28, 0),
(29, 0),
(30, 0),
(31, 0),
(32, 0),
(33, 8),
(34, 2),
(35, 0),
(36, 0),
(37, 3),
(38, 1),
(39, 0),
(40, 0),
(41, 0),
(42, 0),
(43, 0),
(44, 0),
(45, 0),
(46, 3),
(47, 8),
(48, 0),
(49, 0),
(50, 0),
(51, 0),
(52, 0),
(53, 1),
(54, 1),
(55, 0),
(56, 0),
(57, 0),
(58, 1),
(60, 0),
(61, 0),
(62, 0),
(63, 0),
(64, 0),
(65, 0),
(66, 0),
(67, 0),
(68, 0),
(69, 0),
(70, 4),
(71, 0),
(72, 0),
(73, 0),
(74, 0),
(75, 1),
(76, 1),
(77, 0),
(78, 0),
(79, 0),
(80, 0),
(81, 0),
(82, 0),
(83, 0),
(84, 0),
(85, 0),
(86, 0),
(87, 0),
(88, 0),
(89, 0),
(90, 0),
(91, 0),
(92, 0),
(93, 0),
(94, 0),
(95, 0),
(96, 0),
(97, 0),
(98, 0),
(99, 0),
(100, 0),
(101, 0),
(102, 0),
(103, 0),
(104, 0),
(105, 1),
(106, 0),
(107, 0),
(108, 0),
(109, 0),
(110, 0),
(111, 0),
(112, 0),
(113, 0),
(114, 0),
(115, 7),
(116, 0),
(117, 0),
(118, 0),
(119, 0),
(120, 0),
(121, 0),
(122, 0),
(123, 0),
(124, 0),
(125, 0),
(126, 0),
(127, 0),
(128, 2),
(129, 0),
(130, 0),
(131, 1),
(132, 0),
(133, 0),
(134, 1),
(135, 8),
(136, 0),
(137, 0),
(138, 0),
(139, 0),
(140, 0),
(141, 0),
(142, 0),
(143, 0),
(144, 0),
(145, 0),
(146, 0),
(147, 0),
(148, 0),
(149, 0),
(150, 0),
(151, 0),
(152, 0),
(153, 0),
(154, 0),
(155, 0),
(156, 0),
(157, 0),
(158, 0),
(159, 0),
(160, 0),
(161, 0),
(162, 0),
(163, 0),
(164, 0),
(165, 0),
(166, 0),
(167, 0),
(168, 0),
(169, 0),
(170, 0),
(171, 0),
(172, 0),
(173, 0),
(174, 0),
(175, 0),
(176, 0),
(177, 0),
(178, 0),
(179, 0),
(180, 0),
(181, 0),
(182, 0),
(183, 0),
(184, 0),
(185, 0),
(186, 0),
(187, 0),
(188, 0),
(189, 0),
(190, 0),
(191, 0),
(192, 0),
(193, 0),
(194, 0),
(195, 0),
(196, 0),
(197, 0),
(198, 0),
(199, 0),
(200, 0),
(201, 0);

-- --------------------------------------------------------

--
-- Estrutura da tabela `apptrefs`
--

CREATE TABLE IF NOT EXISTS `apptrefs` (
  `idtermo` int(11) NOT NULL,
  `idref` int(11) NOT NULL,
  PRIMARY KEY  (`idtermo`,`idref`)
) ENGINE=MyISAM DEFAULT CHARSET=utf8 COLLATE=utf8_unicode_ci;

--
-- Extraindo dados da tabela `apptrefs`
--

INSERT INTO `apptrefs` (`idtermo`, `idref`) VALUES
(1, 6),
(3, 7),
(14, 1),
(15, 1),
(20, 1),
(21, 1),
(24, 5),
(33, 3);

